 81 + -42. Let w = z + -30. Calculate the greatest common factor of w and 99.
9
Let u = 79 - 77. Let w(z) = 50*z + 8. Let q be w(u). Calculate the highest common divisor of 12 and q.
12
Let b = -362 + 461. Calculate the highest common factor of 22 and b.
11
Let z(l) = -2*l**3 - 12*l**2 + 13*l - 35. Let s be z(-8). Calculate the greatest common factor of 18 and s.
9
Suppose -14 + 4 = -3*c + g, 5*g = 2*c - 24. Let p = -4285 + 4303. Calculate the greatest common divisor of p and c.
2
Let g(a) = 3*a - 6. Let m be g(4). Let k(i) = -i**2 - 72*i - 1265. Let p be k(-40). What is the greatest common factor of m and p?
3
Let r be 15/4 + -3 + (-1615)/20. Let p = 90 + r. Calculate the greatest common divisor of 20 and p.
10
Let q be (4 - 3) + 37 + -2 + -1. Suppose -116 = -39*g + q*g. Calculate the highest common divisor of g and 232.
29
Let a(s) = -s**2 + 8*s - 3. Let k = -3 - -21. Let c = -11 + k. Let h be a(c). What is the greatest common divisor of h and 20?
4
Let s be (-17)/102 - 26*(-1)/12. Calculate the highest common factor of s and 3.
1
Suppose 5*b + 648 = 1338. What is the greatest common divisor of 368 and b?
46
Suppose 3*s = 8*s - 970. Let m = s + -90. Calculate the highest common factor of 52 and m.
52
Suppose -5*k + 57 = 2*z + 9, -4*k = -5*z - 12. Let q(i) = i**2 + i + 2. Let c be q(2). Calculate the greatest common divisor of k and c.
8
Suppose a = 7*f - 4*f - 65, 2*f + 173 = -3*a. Let b = 89 + a. Calculate the greatest common factor of 30 and b.
30
Let m be -3*((-6)/2)/(9/4). Suppose -963 = -5*b - 0*j - m*j, 3*b + 3*j - 576 = 0. Calculate the greatest common factor of b and 15.
15
Suppose -3*p + 4*s = -1, -4*p + 2*s = -2*p - 4. Calculate the greatest common factor of p and 119.
7
Let f(w) = -w**3 + 15*w**2 - 18*w + 5. Let l be f(10). Calculate the greatest common divisor of 25 and l.
25
Let o be 1/(8/(-7) + 1). Let k be (-4)/(-14) + (-26)/o. Calculate the greatest common divisor of k and 28.
4
Let z be 7*1/((-28)/(-16)). Suppose 0 = w - 5, 0 = z*y - w - 53 + 10. Let p = -132 - -228. What is the greatest common factor of y and p?
12
Let y be (-95)/2*(-1008)/60. What is the highest common factor of y and 42?
42
Let n be (63684/(-122))/((-1)/2). What is the highest common divisor of 54 and n?
18
Suppose -3*u + 3*a = a - 1424, -2*a + 1908 = 4*u. What is the highest common divisor of 28 and u?
28
Let d be (-130)/(-26) + 31/1. What is the greatest common divisor of 81 and d?
9
Let v = 486 + 86. Calculate the highest common factor of 44 and v.
44
Let p(s) = s**2 - 4*s + 6. Let j be p(4). Let k = 13228 - 13222. What is the greatest common divisor of k and j?
6
Let s = 267 - 264. Suppose 0 = 2*k - 3*f - 11, k = -f + 2 + 1. Suppose -o = k*n - 6*n - 75, -s*n + 171 = 2*o. Calculate the highest common divisor of 27 and o.
27
Suppose 3*w = 36 + 189. Suppose w = y - 6*y. Let i = 25 + y. What is the highest common divisor of i and 90?
10
Suppose p = 4*p - 120. Suppose 2*t - 3*t = p. Let f be 3/(-2)*t/12. Calculate the greatest common factor of 10 and f.
5
Suppose 121 = 9*f - 23. Suppose -25*k = -27*k + f. Calculate the greatest common divisor of 40 and k.
8
Suppose 0 = -5*j + 271 - 51. Let x = 82 + 57. Suppose 3*w = x + 59. What is the highest common divisor of j and w?
22
Let l(i) be the first derivative of -i**3/3 - 7*i**2 - 21*i + 19. Let n be l(-8). Calculate the highest common factor of n and 18.
9
Let h(t) = 9*t**2 + t**3 - 4*t**2 + 4 - 6 + t. Let l be h(-2). Suppose -4*x - 10 = -202. What is the highest common factor of x and l?
8
Let a(n) = -28*n - 11. Let u be a(-2). Calculate the highest common factor of 30 and u.
15
Let p be 16/(-48) + (-1)/(3/(-40)). Suppose -4*b = 2*a - 18, 4*b = -3*a + 5*b + p. What is the highest common divisor of 10 and a?
5
Let l = -28 + 30. Suppose -l*g + 128 = -64. Suppose -5*h + 5*f + 105 = 0, -5*h = -f + 3*f - 70. What is the highest common divisor of h and g?
16
Suppose -w = -0*q + q - 61, 4*q = 4. Suppose -5*s - 2*a + 0*a = -50, -s - 4*a = -10. What is the greatest common divisor of s and w?
10
Suppose 48 = 3*n + 3*h, 3*n = -2*n - 4*h + 85. What is the greatest common factor of n and 14?
7
Let o = 16 - -84. Let y = 18 - -22. What is the highest common divisor of y and o?
20
Let c = -32 + 58. What is the highest common divisor of 286 and c?
26
Let d = 56 - 26. Let g be (-15)/d - 62/(-4). What is the greatest common divisor of 3 and g?
3
Let q = 36 + -31. Suppose -q*w - 90 = -4*u - 3*w, -117 = -5*u + w. What is the highest common divisor of u and 8?
8
Let p be (28/4 - 14) + 85. Calculate the greatest common factor of 6 and p.
6
Let r(x) = 18*x**3 - 32*x**2 + 7*x + 4. Let v be r(4). Calculate the greatest common divisor of 42 and v.
42
Let v(s) = -4*s - 2. Let y(n) = 5*n + 4. Let l(h) = -4*v(h) - 5*y(h). Let o be l(-4). Let m be 6/(-4)*(-2 - 6). Calculate the highest common factor of o and m.
12
Let n be (-1)/(2 - 362/180). Suppose 0 = -3*s + 5*l + 200, 4*s = -4*l + 134 + 90. What is the greatest common divisor of n and s?
30
Let j(l) = l - 3. Let n be j(6). Suppose w = 5*h + 996 + 1334, 0 = -n*h + w - 1398. Let i = 697 + h. Calculate the greatest common divisor of i and 33.
33
Suppose -4*d + 3*g - 2*g = 568, 3*d = 3*g - 426. Let u = -134 - d. Calculate the highest common factor of u and 184.
8
Let u be (1744/654)/((-4)/(-2886)). What is the highest common factor of 74 and u?
74
Let i = 776 - 683. What is the greatest common divisor of 403 and i?
31
Suppose -4*t = t - 80. Suppose 50 = g - 5*m - 106, 4*g - 712 = -2*m. What is the greatest common divisor of g and t?
16
Let z be (35/10)/(3 - (-10495)/(-3500)). What is the highest common divisor of z and 49?
49
Let f(o) = o**2 - 4*o - 32. Let x be f(12). Calculate the greatest common divisor of x and 4.
4
Let n(y) = 49*y + 12. Let d be n(2). Calculate the greatest common divisor of d and 55.
55
Let j(b) = -b - 6. Let n be j(-38). Calculate the highest common divisor of 128 and n.
32
Let x = 22 - -14. Let s be (-21 + 1)/(181/(-543)). Calculate the highest common factor of x and s.
12
Let s = -37 + 59. Suppose 2*i - 135 = -2*i + f, -4*i + 120 = 4*f. Calculate the greatest common divisor of i and s.
11
Let z(n) = 7*n**3 - 6*n**2 + 10*n - 6. Let p be z(2). Suppose -4*t + 2*k = -32, -k - p = -t - 4*t. Calculate the highest common factor of t and 25.
5
Let m be -1 - (131 - 3)/2. Let j = -35 - m. Let x be -1 - 453/(-21) - 4/7. Calculate the greatest common factor of x and j.
10
Suppose r + 894 - 3788 = -3*q, 5*q - 5*r - 4790 = 0. What is the greatest common factor of 9 and q?
9
Suppose 104 - 34 = -2*b. Let j = b + 49. What is the greatest common factor of j and 35?
7
Let s be (1/2)/(5/50). Let w be (s/10)/((-2)/(-8)). Let l = 6 - w. Calculate the greatest common factor of 1 and l.
1
Let k = -1727 - -1802. What is the greatest common factor of k and 9?
3
Let o be 3794/98 - (-2)/7. Let g be o/(-26) + (-11)/(-2). Calculate the highest common factor of 36 and g.
4
Let z = 130 - 63. What is the greatest common factor of z and 134?
67
Suppose -39*i + 34*i + 115 = 0. Calculate the greatest common factor of i and 253.
23
Let d be (-1 - 0) + -5 + (-186)/(-6). What is the highest common divisor of 25 and d?
25
Suppose 4*n = 7 + 17. Let s be 35 + -35 + 1 + 2. Calculate the highest common factor of s and n.
3
Let l(w) = -68*w + 488. Let s be l(-9). What is the highest common divisor of 88 and s?
44
Let y be (-609)/14*8/(-6). Let h = -29 + y. Let d = h - 20. Calculate the highest common divisor of 72 and d.
9
Let f(n) = -n**2 - 11*n - 23. Let s be f(-14). Let m = -51 - s. Calculate the highest common factor of m and 56.
14
Suppose 8*n - 242 = 7*n. What is the greatest common divisor of 66 and n?
22
Suppose -2*v - 25 = -x - 288, 2*v + 5*x - 245 = 0. Suppose 2*t + q - 17 = 0, -23*t = -28*t - 4*q + 38. What is the greatest common factor of v and t?
10
Let u be 987 - (5 - (-10 - -18)). Calculate the greatest common factor of 15 and u.
15
Suppose -14*v = -17*v + 99. What is the greatest common divisor of 891 and v?
33
Let t be 4 + 122 + 2/(8/(-20)). What is the greatest common factor of t and 11?
11
Let a(h) = 11*h + 109. Let v be a(13). Calculate the highest common factor of 144 and v.
36
Suppose -3*x + 2*p = 459 + 20, 4*x + 3*p = -616. Let s = 226 + x. Let n(i) = -22*i + 1. Let g be n(-1). C